3*k = -3*y + 12, -4*k - 12 = 0. Calculate the highest common divisor of y and 16.
1
Let g = -1 - -52. Let o be 2*10/5 + g. What is the greatest common divisor of 33 and o?
11
Suppose 3*o + 5 = 74. Suppose -3*s + 32 = o. What is the highest common divisor of s and 1?
1
Let p(m) = -2 + 3 + 2*m - m**2 + 3*m**2. Let k be p(2). Let o be 9/12 - 1025/(-20). Calculate the greatest common divisor of k and o.
13
Let u be (-18)/27 + 1504/6. Suppose u = -2*j + 7*j. Suppose -2*q - 16 = -j. Calculate the highest common factor of 34 and q.
17
Let l be (-57368)/(-64) - (-21)/(-56). Calculate the greatest common factor of l and 128.
128
Let q be 18/(-27)*(4 - (143 + -1)). Suppose 0 = -n + 8 + 15. Calculate the highest common factor of n and q.
23
Let k(h) = 6*h + 2. Let l be k(1). Calculate the highest common divisor of l and 13.
1
Let z = -5 - -25. Let i be (-572)/(-16) - (-5)/z. Calculate the highest common factor of i and 27.
9
Let w be (-1650)/132*(1*-2 + 0). Calculate the greatest common divisor of 25 and w.
25
Suppose -9*n - 12 = -11*n. Suppose 5*z = 199 + n. Let p = z + -19. Calculate the greatest common factor of p and 44.
22
Suppose 166 = -3*s - 4*r, -s = s + 4*r + 112. Let y = -49 - s. Let z = 58 - 18. What is the highest common factor of z and y?
5
Suppose 4980 = 5*p - 5*f, 2*p - 1992 = -3*f + 8*f. Calculate the highest common factor of p and 12.
12
Let s = -14 + 19. Suppose -s*q + 37 = -18. Let p be 0/(-2) - (-176)/4. Calculate the greatest common factor of q and p.
11
Let d(c) = 22*c**3 + 3*c - 2. Let a be d(2). Suppose 4*x = x + a. Calculate the highest common divisor of x and 24.
12
Let x be (-6316)/(-27) - (-10)/135. Suppose -4*a = -5*m + 150, m + a - 11 = -2*a. Calculate the greatest common divisor of m and x.
26
Let r = 1201 + -1025. Let a be (-78)/(-5) + (-4)/(-10). What is the highest common divisor of r and a?
16
Let p = 70 + -65. Let t(s) = s + 8. Let q be t(p). What is the greatest common divisor of 52 and q?
13
Let f be (-6 - 30/9)*(-36)/7. Suppose -2*m + 5*m = 216. What is the greatest common factor of m and f?
24
Let g be 192/12 - -1*(-12)/3. Calculate the greatest common factor of 9 and g.
3
Suppose 0 = -3*z + 1253 - 182. What is the highest common factor of z and 34?
17
Let w be (-6)/4*(-7 - 304/48). What is the greatest common divisor of 540 and w?
20
Let a = 713 - 679. What is the highest common factor of 1122 and a?
34
Suppose -4*d + 96 = 4*b, 5*d + b = 4*b + 144. Suppose -13*c + 17*c + 20 = 0, -3*c - 906 = -3*h. Calculate the greatest common divisor of h and d.
27
Let s(g) = -3*g**3 + 7 + g**3 + 4*g + 20*g**2 - 26*g**2. Let c be s(-5). Suppose -6*q + c = -63. What is the greatest common divisor of q and 200?
25
Let w(q) = 6*q + 122. Let d be w(-19). What is the greatest common factor of 488 and d?
8
Let m(t) = t**3 + 5*t**2 + 2*t - 2. Let a be m(-4). Let g = -514 + 556. Calculate the highest common factor of a and g.
6
Let b = -437 + 464. Suppose -15 = -2*q + 3. Calculate the greatest common factor of b and q.
9
Suppose 5*u = 5*w - w + 2888, 0 = -5*w + 15. What is the greatest common factor of 20 and u?
20
Suppose 3*m = -3*z + 5*z + 14, 4*z = -4*m + 32. Suppose -3*u = m, 4*i - u - 3*u - 608 = 0. Calculate the greatest common factor of 60 and i.
30
Let t = 59 - 56. Suppose 0 = -t*p + 5*o + 183, p + 3*p = -2*o + 244. Calculate the highest common divisor of p and 305.
61
Let x = -311 - -325. What is the highest common divisor of x and 35?
7
Suppose 134 = -4*w + y, -2*w - 2*y = -5*y + 72. Let u = w + 5. Let o be -2*(-1)/((-8)/u). What is the greatest common divisor of 7 and o?
7
Let z(n) be the first derivative of -n**4/4 + 10*n**3/3 + 13*n**2/2 + 10*n - 14. Let f be z(11). Calculate the greatest common factor of 8 and f.
8
Suppose -534*a + 124 = -530*a. Calculate the highest common factor of 124 and a.
31
Let a = -24 + 63. Let n be 1/2 - (-45)/30. Let q be 27/(n/26 - 0). What is the greatest common factor of a and q?
39
Let p be ((-74)/6)/(4/12). Let g = p + 59. Let k be (-2)/52*4 + (-1152)/(-52). Calculate the greatest common divisor of k and g.
22
Suppose -4*q = -2*w + 400, 3*q + 176 = 2*w - 228. Calculate the highest common factor of w and 64.
16
Let h = -190 + 281. Calculate the highest common divisor of h and 39.
13
Let p = -100 + -350. Let f be 8/(-2)*p/24. Calculate the highest common factor of f and 30.
15
Suppose 4*s = -2*d + 16 - 0, 0 = 2*d - s - 26. Let h = 27 - 21. Let m(b) = b**2 - 4*b + 12. Let r be m(h). What is the highest common divisor of r and d?
12
Let l = -22 + 22. Suppose 11*y - 7*y - 8 = l. Suppose y*m + 0*m = -3*u + 16, 0 = -2*u - m + 10. Calculate the greatest common factor of u and 6.
2
Let j = 880 - 867. Calculate the highest common divisor of 3 and j.
1
Let o(n) = -5*n + 22. Let s be o(-12). Suppose s = 4*c - d + 2*d, -c = -d - 23. Calculate the greatest common factor of c and 3.
3
Suppose 0 = 4*j - 3*u - 244, -212 = -4*j + j - 5*u. Suppose -2*o = y + o - 49, 2*o + 34 = y. Let l = j - y. Calculate the greatest common factor of l and 12.
12
Let t = -49 - -51. What is the highest common factor of t and 122?
2
Let r be 10/(-4)*(-4)/10. Let w be 30/3*2/4. Let x(o) = -o + 12. Let y be x(w). Calculate the greatest common divisor of r and y.
1
Suppose 10*j - 45 = 5*j. Let s = -1331 - -1367. Calculate the highest common divisor of j and s.
9
Let j = 183 - 172. What is the highest common factor of 451 and j?
11
Suppose -4*c + 2*z = 4*z + 3036, c - 3*z = -759. Let x be c/(-12) + 2/(-8). What is the highest common divisor of x and 9?
9
Let c = -809 - -818. What is the highest common factor of 1089 and c?
9
Let q(v) = v**3 + 6*v**2 - 19*v - 10. Let l be q(-8). Calculate the highest common divisor of l and 959.
7
Let x = 289 + -212. Calculate the greatest common factor of 7 and x.
7
Let o(d) = -d**3 - 2*d**2 + 2*d + 4. Let k be o(0). What is the greatest common factor of 100 and k?
4
Suppose -4*f - 4*u = 64, 4*f - 4*u + 28 = u. Let w(s) = -2*s - 16. Let i be w(f). Suppose -i*j + 6*j + 64 = 0. What is the highest common divisor of j and 64?
32
Let z(f) = -f**3 - 10*f**2 + 7*f + 25. Let o be z(-11). Let g = o + -36. What is the highest common factor of 66 and g?
33
Suppose 0 = 31*f - 14*f - 6528. Calculate the greatest common divisor of f and 8.
8
Suppose n = -3*x + 2884, 4*x + 223 - 4080 = n. What is the highest common divisor of x and 9?
9
Let b be 111/(-259) - 104/(-14). What is the highest common divisor of b and 2?
1
Let t be ((-4)/8)/((-1)/6). Suppose 0 = -t*q + 97 - 13. What is the greatest common divisor of 56 and q?
28
Let t = 104 + -128. Let y = 39 - t. Calculate the highest common factor of 9 and y.
9
Suppose 14594 - 3550 = 4*n. What is the highest common factor of 11 and n?
11
Suppose -4*f + 2 = 35*h - 34*h, 4*h - 98 = 2*f. Let t(d) = 26*d + 8. Let y be t(9). What is the greatest common divisor of y and h?
22
Let h(j) be the first derivative of 2*j**3/3 - 13*j**2/2 + 9*j - 4. Let u be h(6). Calculate the highest common factor of u and 6.
3
Let x be -4 + (262 - 18/6). Calculate the highest common divisor of 51 and x.
51
Suppose 4*t = 3*t + 5. Let m be (372/60)/(1/t). What is the highest common divisor of 93 and m?
31
Let h be (2/4)/((-4)/(-728)). Let b = h - -38. Suppose -b - 151 = -4*y. Calculate the highest common factor of y and 28.
14
Let u(n) = 2*n + 1. Let i be u(-2). Let p be i/1 - 16/(-2). Suppose 3*j - 31 = -p*g, 0 = -g + 4*j + j - 5. Calculate the greatest common factor of g and 5.
5
Let i(t) = -2*t**2 + 13*t + 13. Let p be i(7). Let c be (-1)/p*2 - 98/(-6). Let n be (23 - -1)*(-44)/(-6). Calculate the highest common divisor of c and n.
16
Suppose -4*t - 3*d = -424, 5*t - 2*d - 398 = 132. What is the highest common divisor of t and 2?
2
Let g be 872/96 - (-2)/(-24). What is the highest common factor of g and 51?
3
Suppose -3*d + 32 = 2*u, 3*u + 2 - 8 = -d. Calculate the highest common factor of 42 and d.
6
Suppose 9*u - 408 = -327. Calculate the greatest common divisor of u and 81.
9
Let h(k) = -k + 8. Let x be h(-34). What is the greatest common factor of x and 525?
21
Let m be (-8)/(-4)*62/4. Suppose -g + m = -84. Suppose -y = -0*y - g. Calculate the highest common factor of y and 46.
23
Let f(t) = 4*t**2 + 29*t + 3. Let l be f(-12). What is the highest common divisor of l and 11?
11
Suppose